*2 + 4*i - 11. Let t(c) = -5*c**2 + 5*c - 12. Let a(s) = -6*q(s) + 5*t(s). What is a(z)?
6
Suppose 0 = 3*c - 14 - 4. Let l(x) = x. Give l(c).
6
Let h(l) = l**2 + 7*l + 4. Let q(r) = -4*r + 14. Let n be q(5). Determine h(n).
-2
Suppose -z = -4*z + 3. Suppose 3*v - z - 5 = 0. Let q(d) = d - d + 3*d + d**v - 2*d**2 - 2. Determine q(4).
-6
Let c(y) be the first derivative of -y**5/60 + y**4/8 - y**3/3 - y**2 - 2. Let f(q) be the second derivative of c(q). Calculate f(4).
-6
Let v(r) = 4 + 9*r - 13*r + 9*r. Let x(i) = -14*i - 12. Let l(m) = -8*v(m) - 3*x(m). Let u(f) = f + 3. Let w(j) = -2*l(j) + 3*u(j). Determine w(-6).
7
Suppose -14 = 2*j + 4*r, 2*j - 2*r + 0 = -2. Let l = -1 - j. Let y(z) = 2*z**2 - 3*z. Calculate y(l).
2
Let o(s) = -8*s - 1. Let v(z) = -11*z - 1. Let g(k) = 7*o(k) - 5*v(k). Give g(6).
-8
Let y = -52 + 37. Let i = y + 8. Let a(x) = -x - 9. Let c be a(i). Let w(b) = -b - 2. Determine w(c).
0
Suppose -r = -3*z + 3, -4*r - z = -0*r - 14. Let h(q) be the third derivative of -q**6/120 + q**5/15 + q**3/3 + q**2. Give h(r).
11
Let m be ((-1)/3 - -1)*-3. Let l(x) = x**2 + 2*x. Let k be l(m). Let o(w) be the third derivative of w**5/60 - w**4/24 + 5*w**3/3 + 3*w**2. Give o(k).
10
Suppose -2*n + 3*d + 16 = 0, 0 = n + 3*d - 6 - 2. Let r be (2/4)/((-2)/n). Let i be (r/4)/((-4)/8). Let q(a) = -4*a**3 - a**2 + 1. Calculate q(i).
-4
Let z(x) = -8*x**2 + 2*x - 1. Let f = -5 + 9. Suppose -f*g = 2*d - 18, 4*g = -4*d - 0 + 28. Suppose d = 6*l - l. Give z(l).
-7
Let z(s) = -3*s**3 - 3*s**2. Suppose -14 = 6*a + a. What is z(a)?
12
Let j(k) = -2*k + 10. Let u be (-10 - -9)/(1/(-3)) + 5. Determine j(u).
-6
Let i(l) be the first derivative of -l**4/24 - l**3/6 - l**2 - 4. Let k(z) be the second derivative of i(z). What is k(0)?
-1
Let j = 22 + -23. Let m(o) = -9*o - 3 + 4 - 2. Calculate m(j).
8
Let h be 13/3 + (-2)/6. Suppose 0 = -5*y - d - 26, -21 - 2 = h*y + 3*d. Let j(k) = -k**3 - 6*k**2 - 5*k - 7. Determine j(y).
-7
Let i be (-39)/(-52) + 45/4. Let j = 15 - i. Let w(p) = -p**2 + 2*p - 3. Give w(j).
-6
Let a(o) = 2*o - 3. Suppose -3*y + 2 = -5*y. Let h be y + (-12)/(-2) + -3. Calculate a(h).
1
Suppose h - 12 + 9 = 0. Let v(l) = -h*l**3 - 4*l**2 + 1 - l + 4*l**3 - 2*l + l. Calculate v(4).
-7
Let g(x) = -2*x. Let j(z) = 4*z + 2*z - 41*z**2 + 42*z**2 - 3. Suppose -o = -6*o - 30. Let n be j(o). Calculate g(n).
6
Let z(g) be the second derivative of 0 + 1/20*g**5 - 1/3*g**3 - 1/12*g**4 + 3*g + 1/120*g**6 - 1/2*g**2. Let v(q) be the first derivative of z(q). Give v(-4).
-10
Let r(y) = -11 - 20 + y + 23. Let x = 0 + 0. Give r(x).
-8
Let b(t) = t**2 - t - 1. Let o(s) = 5*s**2 - 2*s - 3. Let u(n) = 6*b(n) - o(n). Give u(4).
-3
Suppose d = -4 + 1. Let t be -1 - (-2 - (d - -5)). Let f(x) be the second derivative of x**3/3 - 3*x**2/2 - 3*x. Give f(t).
3
Let q(a) be the first derivative of a**4/4 + 2*a**3/3 - a - 187. Suppose 4*r + 9 - 1 = 0. Give q(r).
-1
Let j(d) be the first derivative of -d**2 - 1/6*d**3 + 1 + 0*d + 1/12*d**4 + 0*d**5 + 1/30*d**6. Let s(i) be the second derivative of j(i). Calculate s(1).
5
Let d = 9 - -4. Let v be (d/26)/(2/(-4)). Let j(l) = 5*l**2 + 2*l - 2. Let p(t) = -10*t**2 - 5*t + 5. Let z(h) = -5*j(h) - 2*p(h). Give z(v).
-5
Let r = -6 - -4. Let q(h) = -2*h**3 - h**2 + 4*h + 3. Determine q(r).
7
Let j(k) = k**3 - 5*k**2 + 6*k - 4. Let h be j(4). Let u(r) = -2 + 0*r + h*r + 4. Let g be 1/(-4) - (-28)/(-16). Calculate u(g).
-6
Suppose -7*f = -3*f - 24. Let m(i) = f*i - 3 + i + 4 + 0. Suppose -j + 0*j = -4*h - 2, -h = -5*j - 9. Give m(h).
-6
Let y(n) be the third derivative of n**8/20160 - n**7/1260 + n**6/720 - n**5/20 - 4*n**2. Let p(u) be the third derivative of y(u). Calculate p(4).
1
Let z = 12 + -8. Let c be 1/(-2) + (-22)/z. Let a(j) = -13*j**3 + 2*j**2 - j + 7. Let n(p) = 7*p**3 - p**2 + p - 4. Let g(t) = c*a(t) - 11*n(t). Give g(3).
5
Let q(c) = c**2 + c - 1. Let r(o) = o**3 + 2*o**2 - o. Let m(w) = -2*q(w) + r(w). Let g be 3*(-3)/(27/30). Let j be ((-4)/g)/((-1)/(-5)). What is m(j)?
4
Let k(s) = s - 1. Let d be -15*5/(-15) + (1 - 1). Determine k(d).
4
Let g be -3 + (-7)/((-21)/18). Let r(n) be the third derivative of -n**5/60 - n**4/24 + n**3/3 + 2*n**2. Calculate r(g).
-10
Let u(o) = o**3 - o**2 - o + 1. Suppose -r + 3 = -0. Let v(g) = -g**3 + 2*g**2 + 2*g - 2. Let i(z) = r*v(z) + 4*u(z). Let y = -89 - -87. What is i(y)?
-6
Let o(a) be the second derivative of a**5/20 - a**4/2 - 7*a**3/6 + 9*a**2/2 - 48*a. Calculate o(7).
9
Let v(u) = u**2 + 6*u + 1. Suppose 3*f - 5*f = 6. Let b be 9*(2 - (-4)/f). Suppose -3*l - 21 = -b. Give v(l).
-4
Suppose 0 = 4*z - 3*z - 2. Suppose 0 = -2*y + 4*w - 4, 4*w = z*w + 8. Let m(k) = -k + 9. What is m(y)?
3
Let b(z) = 3*z**2 + 4*z + 1. Let o(n) = 9*n**2 + 11*n + 3. Let g(t) = -8*b(t) + 3*o(t). Let q(i) = -i**2 - 6*i + 6. Let r be q(-7). Give g(r).
3
Let a(w) = w**3 + 5*w**2 - 7*w - 2. Let d be a(-6). Let c(p) = 0*p - 4*p + 1 - d*p + p. Give c(1).
-6
Let v(c) = 2*c + 9. Let p(h) = h + 4. Let r(t) = 5*p(t) - 2*v(t). Calculate r(0).
2
Let b(a) = 2*a - 2*a + 4*a. Suppose -6 = -2*p - 0*p. Suppose 5*r = -p*x - 0 - 4, 0 = -2*x - 5*r - 6. Calculate b(x).
8
Let k(p) be the second derivative of -p**5/20 - p**4/4 + p**3/3 - p**2/2 - 9*p. Determine k(-4).
7
Let d(t) be the second derivative of -t**3/6 - t**2 - 7*t. Determine d(-5).
3
Let s(d) be the first derivative of -d**4/4 + d**3/3 + d**2/2 - 2*d + 2. Let t(p) = -p - 11. Let o be t(-10). Let g be (o/(-1))/(2/4). What is s(g)?
-4
Let i(s) = s**3 - 5*s**2 + 1. Let m(a) = 1 - 4 + 14*a**2 + a - 3*a**3 + 0*a. Suppose 8*r = 9*r + 8. Let j(d) = r*i(d) - 3*m(d). Determine j(3).
1
Let v(m) = 4*m**2 - 2*m + 1. Suppose 2*p + 1 = 3*b, 0 = 5*p - 2*b - 0*b - 14. Suppose -p*i - 1 + 9 = 0. Suppose r = -5*y + 4, 1 = 2*y + i*r - r. What is v(y)?
3
Suppose 0*w - 3*w = 2*b - 15, -b + w - 5 = 0. Let m(t) = 0*t**2 + 2*t**2 + b*t**2 - 2 - 5 - 6*t. What is m(5)?
13
Let b be 10/(-35) - 32/(-14). Suppose 2*q + 0 = -4*k - 6, k - b*q - 1 = 0. Let v(y) = 8*y**3 + 2*y**2 + 2*y + 1. What is v(k)?
-7
Let h = 27 + -23. Let b(o) = -2*o**2 + 6*o - 3. Determine b(h).
-11
Suppose 0*v + 3*v = -15. Let x(h) = 11*h**3 - 10*h**2 + 13*h - 7. Let q(k) = -5*k**3 + 5*k**2 - 6*k + 3. Let r(a) = 13*q(a) + 6*x(a). Calculate r(v).
-3
Suppose 0 = 4*g - g. Let k(t) = t**2 - 9*t + 3. Let h be k(9). Let z(y) = -3*y - 6 + 0*y**h + y**2 + 3*y - y**3. Determine z(g).
-6
Let u(s) be the third derivative of 2/3*s**3 + 0*s + 1/24*s**4 - 7*s**2 + 0. Calculate u(-7).
-3
Let p(q) = q - 9. Let w be p(6). Let v(z) = -z**3 - z - 1. Let g(h) = 2*h**2 - h + 1. Let f(c) = g(c) - v(c). Determine f(w).
-7
Let w be -4 + 1 - (0 + 0). Let n(q) = -5*q**2 + 10*q - 2. Let h(j) = j**2 - j + 1. Let d(p) = -6*h(p) - n(p). Determine d(w).
-1
Suppose -5*y = a + 46 + 96, -2*y - 2*a - 60 = 0. Let h be (6/7)/((-4)/y). Let p(s) = s + 1. Determine p(h).
7
Suppose 2*f - f = 0. Let j(h) = 0 + f*h - h + 3. Let c be -5 - (-1)/((-10)/(-25))*2. What is j(c)?
3
Suppose -4*i = -9*i. Let h(s) = -s**3 + s**2 + 1. What is h(i)?
1
Let n(a) = -a - 11. Let i be n(-8). Let g(k) = -k**2 + k + 2. What is g(i)?
-10
Suppose 2*g = -2*c - 8, -5*c + 14 = -5*g + 64. Let h(i) = i**2 + 5*i - 9. What is h(c)?
5
Let t(c) = 6*c - 8*c**2 + 3*c**2 - 3 - 1 - 5*c**3 + 3*c. Let g(l) = -l**3 + l + 1. Let r(m) = -4*g(m) + t(m). Suppose 4*y + 6 = 3*y. What is r(y)?
-2
Suppose 4*v = f + v, 0 = 4*f + 3*v - 30. Let s = f - 7. Let r(b) = 4*b**3 + 2*b**2 + 2*b + 1. What is r(s)?
-3
Let t(w) = -2*w**3 + 6*w**2 + 4*w - 4. Let m(p) = p**3 - p**2 - p + 1. Let x(d) = -5*m(d) - t(d). Give x(1).
-4
Let s(n) be the first derivative of -1 + 3*n**3 - 1/2*n**2 + n. What is s(1)?
9
Let x(a) be the first derivative of -a**4/4 - a**3/3 - a**2 + 2*a + 2. Suppose b - 3*k = 5, 0*b = 3*b - 5*k - 11. Give x(b).
-14
Let q(s) = -3*s**2 + 3*s - 2. Let g be (-6)/(1/(6/(-9))). Suppose g*h - 1 - 7 = 0. Calculate q(h).
-8
Let d(h) = h**3 - 2*h**2 - h - 5. Let f(q) = q**3 - q**2. Let v(j) = -d(j) + 2*f(j). Determine v(0).
5
Let w be (-1 + 3)/(4/6). Let v(k) = w + 2*k + 0*k - k - 4 + k**2. Give v(1).
1
Let y(p) = -2*p**2 + p + 2. Let i = -6 + 4. Determine y(i).
-8
Let t(c) = c**3 - c**2 - c - 2. Suppose 25 = -5*r + 4*b + b, -4*r + 2*b = 10. Calculate t(r).
-2
Let c be (0 - 1) + -1 - 0. Let h be c/(-4